59015078?
2, 383, 860333
List the prime factors of 20035586.
2, 151, 66343
List the prime factors of 2619951848.
2, 2671, 122611
List the prime factors of 91274992.
2, 2131, 2677
What are the prime factors of 16891607?
16891607
What are the prime factors of 52792777?
43, 79, 15541
List the prime factors of 108378613.
7, 239, 64781
What are the prime factors of 987861344?
2, 421, 73327
List the prime factors of 121061345.
5, 24212269
What are the prime factors of 702856847?
7, 11, 29, 37, 47, 181
List the prime factors of 3462011785.
5, 692402357
List the prime factors of 484449731.
17, 67, 425329
List the prime factors of 930890105.
5, 186178021
List the prime factors of 70534810.
2, 5, 7053481
What are the prime factors of 451090832?
2, 71, 109, 3643
List the prime factors of 1818574085.
5, 363714817
List the prime factors of 58931892.
2, 3, 1636997
List the prime factors of 1495122778.
2, 6379, 117191
List the prime factors of 14556162.
2, 3, 2426027
What are the prime factors of 2619512268?
2, 3, 139, 1570451
List the prime factors of 130358956.
2, 7, 13, 107, 3347
List the prime factors of 42034828.
2, 11, 955337
What are the prime factors of 114303202?
2, 13, 19, 43, 5381
What are the prime factors of 1196719671?
3, 7, 56986651
What are the prime factors of 510161498?
2, 7, 11, 3312737
What are the prime factors of 139199748?
2, 3, 11599979
What are the prime factors of 750460199?
101, 7430299
List the prime factors of 516961157.
516961157
List the prime factors of 2886556618.
2, 11, 2357, 55667
List the prime factors of 25638740.
2, 5, 1281937
List the prime factors of 4180146623.
19, 29, 53, 143141
What are the prime factors of 236310632?
2, 227, 130127
List the prime factors of 3153836312.
2, 11, 191, 187639
List the prime factors of 210418786.
2, 223, 471791
List the prime factors of 2472279.
3, 29, 157, 181
List the prime factors of 6945349625.
5, 55562797
What are the prime factors of 22580413?
22580413
What are the prime factors of 402039765?
3, 5, 151, 59167
List the prime factors of 569349475.
5, 23, 43051
List the prime factors of 3589029573.
3, 1196343191
List the prime factors of 10421533.
191, 54563
List the prime factors of 205605020.
2, 5, 31, 53, 6257
What are the prime factors of 2271916481?
43, 59, 911, 983
List the prime factors of 25978587.
3, 113, 197, 389
What are the prime factors of 13602288?
2, 3, 7, 40483
What are the prime factors of 210183959?
23, 9138433
List the prime factors of 544364196.
2, 3, 45363683
What are the prime factors of 2944890812?
2, 2351, 313153
List the prime factors of 5499128047.
7, 112227103
What are the prime factors of 132937456?
2, 8308591
List the prime factors of 198866134.
2, 107, 929281
List the prime factors of 3000929117.
23, 130475179
What are the prime factors of 23988018?
2, 3, 3998003
List the prime factors of 1747327464.
2, 3, 251, 3581
What are the prime factors of 175752832?
2, 71, 83, 233
List the prime factors of 122323943.
7, 29, 86083
What are the prime factors of 7686214?
2, 3843107
List the prime factors of 929063475.
3, 5, 4129171
What are the prime factors of 121442969?
121442969
List the prime factors of 939536237.
59, 15924343
List the prime factors of 190701927.
3, 13, 107, 15233
List the prime factors of 2011299676.
2, 23, 577, 37889
What are the prime factors of 791025030?
2, 3, 5, 643, 13669
What are the prime factors of 44010995?
5, 7, 1257457
What are the prime factors of 178296460?
2, 5, 23, 331, 1171
What are the prime factors of 18801874?
2, 7, 13, 103307
What are the prime factors of 585701?
17, 131, 263
What are the prime factors of 90111998?
2, 59, 101, 7561
List the prime factors of 886451618.
2, 13, 127, 268459
What are the prime factors of 250931490?
2, 3, 5, 29, 288427
List the prime factors of 1776900418.
2, 17, 1367, 38231
What are the prime factors of 1537481804?
2, 384370451
List the prime factors of 74104769.
19, 311, 12541
What are the prime factors of 1914154786?
2, 9643, 99251
List the prime factors of 1123790849.
1123790849
What are the prime factors of 932073698?
2, 466036849
List the prime factors of 3258891745.
5, 651778349
What are the prime factors of 16519156?
2, 31, 101, 1319
List the prime factors of 509223991.
47, 113, 95881
What are the prime factors of 112537264?
2, 7, 1004797
What are the prime factors of 2370481?
2370481
What are the prime factors of 3263899733?
61, 53506553
List the prime factors of 627656856.
2, 3, 26152369
What are the prime factors of 2750997961?
23, 79, 1514033
What are the prime factors of 149929279?
1933, 77563
List the prime factors of 1362011297.
73, 18657689
List the prime factors of 421007334.
2, 3, 11, 167, 38197
What are the prime factors of 2576553755?
5, 103, 823, 6079
What are the prime factors of 1885477423?
1885477423
List the prime factors of 375279829.
11321, 33149
List the prime factors of 1044063496.
2, 7, 18643991
List the prime factors of 68637106.
2, 23, 1492111
What are the prime factors of 148642617?
3, 193, 256723
What are the prime factors of 302381130?
2, 3, 5, 31, 541, 601
What are the prime factors of 1224898606?
2, 983, 623041
What are the prime factors of 4659286870?
2, 5, 7, 23, 2893967
What are the prime factors of 77563904?
2, 11, 313
What are the prime factors of 1432088624?
2, 89505539
What are the prime factors of 40435743?
3, 19, 479, 1481
List the prime factors of 1955688934.
2, 43, 22740569
What are the prime factors of 6121956799?
7, 874565257
List the prime factors of 36347443.
11, 41, 83, 971
What are the prime factors of 1792666?
2, 23, 38971
What are the prime factors of 5724187215?
3, 5, 17, 23, 975991
What are the prime factors of 6773930783?
6311, 1073353
List the prime factors of 378758877.
3, 7, 2576591
What are the prime factors of 110736126?
2, 3, 67, 127, 241
List the prime factors of 597001967.
597001967
List the prime factors of 367715731.
37, 9938263
What are the prime factors of 1047873894?
2, 3, 174645649
What are the prime factors of 168079644?
2, 3, 31, 61, 823
What are the prime factors of 4746737939?
10399, 456461
List the prime factors of 62973368.
2, 7871671
What are the prime factors of 474433551?
3, 113, 155501
What are the prime factors of 6744817396?
2, 3209, 525461
List the prime factors of 11711773.
41, 331, 863
What are the prime factors of 3574194?
2, 3, 13, 45823
What are the prime factors of 66835207?
41, 1630127
What are the prime factors of 99427399?
19, 29, 37, 4877
List the prime factors of 17237798.
2, 31, 278029
What are the prime factors of 4396468530?
2, 3, 5, 139, 1054309
What are the prime factors of 6565375147?
659, 787, 12659
List the prime factors of 56443819.
73, 701, 1103
List the prime factors of 804173921.
26107, 30803
What are the prime factors of 279025032?
2, 3, 11, 13, 19, 389
List the prime factors of 3073523701.
10831, 283771
List the prime factors of 890412433.
29, 30703877
What are the prime factors of 597383787?
3, 7, 11, 13, 198929
What are the prime factors of 8238901249?
8238901249
List the prime factors of 380171259.
3, 13, 31, 34939
What are the prime factors of 63587712?
2, 3, 43, 3851
What are the prime factors of 1386268616?
2, 79, 2193463
What are the prime factors of 4388400460?
2, 5, 23, 9540001
List the prime factors of 231255652.
2, 4153, 13921
What are the prime factors of 2131165225?
5, 7, 79, 154153
List the prime factors of 1252023037.
67, 18686911
List the prime factors of 136768764.
2, 3, 11, 19, 23, 2371
List the prime factors of 57264674.
2, 28632337
What are the prime factors of 237057113?
23, 37, 278563
What are the prime factors of 19296705?
3, 5, 1286447
What are the prime factors of 924956762?
2, 462478381
List the prime factors of 19133288.
2, 491, 4871
What are the prime factors of 1639945685?
5, 7, 46855591
What are the prime factors of 988463625?
3, 5, 181, 14563
List the prime factors of 49404608.
2, 11, 70177
List the prime factors of 130844576.
2, 4088893
List the prime factors of 615811181.
251, 2453431
List the prime factors of 396459799.
2003, 197933
What are the prime factors of 21639277?
11, 43, 4159
What are the prime factors of 1055886985?
5, 311, 769, 883
List the prime factors of 58487000.
2, 5, 11, 13, 409
List the prime factors of 3757136134.
2, 1878568067
List